{"id":167,"date":"2019-10-21T17:21:08","date_gmt":"2019-10-21T15:21:08","guid":{"rendered":"http:\/\/www.pestalozzischule-krefeld.de\/?page_id=167"},"modified":"2019-11-07T11:54:30","modified_gmt":"2019-11-07T10:54:30","slug":"schulregeln","status":"publish","type":"page","link":"https:\/\/www.pestalozzischule-krefeld.de\/index.php\/schulregeln\/","title":{"rendered":"Schulregeln"},"content":{"rendered":"\t\t<div data-elementor-type=\"wp-page\" data-elementor-id=\"167\" class=\"elementor elementor-167\">\n\t\t\t\t\t\t<section class=\"elementor-section elementor-top-section elementor-element elementor-element-4c7438c7 elementor-section-height-min-height elementor-section-content-middle elementor-section-boxed elementor-section-height-default elementor-section-items-middle\" data-id=\"4c7438c7\" data-element_type=\"section\" data-e-type=\"section\" data-settings=\"{&quot;background_background&quot;:&quot;classic&quot;}\">\n\t\t\t\t\t\t<div class=\"elementor-container elementor-column-gap-default\">\n\t\t\t\t\t<div class=\"elementor-column elementor-col-50 elementor-top-column elementor-element elementor-element-8002905\" data-id=\"8002905\" data-element_type=\"column\" data-e-type=\"column\">\n\t\t\t<div class=\"elementor-widget-wrap elementor-element-populated\">\n\t\t\t\t\t\t<div class=\"elementor-element elementor-element-7aa83914 elementor-widget-divider--view-line elementor-widget elementor-widget-divider\" data-id=\"7aa83914\" data-element_type=\"widget\" data-e-type=\"widget\" data-widget_type=\"divider.default\">\n\t\t\t\t<div class=\"elementor-widget-container\">\n\t\t\t\t\t\t\t<div class=\"elementor-divider\">\n\t\t\t<span class=\"elementor-divider-separator\">\n\t\t\t\t\t\t<\/span>\n\t\t<\/div>\n\t\t\t\t\t\t<\/div>\n\t\t\t\t<\/div>\n\t\t\t\t<div class=\"elementor-element elementor-element-6afccc2d elementor-invisible elementor-widget elementor-widget-heading\" data-id=\"6afccc2d\" data-element_type=\"widget\" data-e-type=\"widget\" data-settings=\"{&quot;_animation&quot;:&quot;bounceInLeft&quot;}\" data-widget_type=\"heading.default\">\n\t\t\t\t<div class=\"elementor-widget-container\">\n\t\t\t\t\t<h3 class=\"elementor-heading-title elementor-size-large\">schulregeln<\/h3>\t\t\t\t<\/div>\n\t\t\t\t<\/div>\n\t\t\t\t<div class=\"elementor-element elementor-element-64e8f683 elementor-widget elementor-widget-text-editor\" data-id=\"64e8f683\" data-element_type=\"widget\" data-e-type=\"widget\" data-widget_type=\"text-editor.default\">\n\t\t\t\t<div class=\"elementor-widget-container\">\n\t\t\t\t\t\t\t\t\t<p>Wir unterst\u00fctzen und begleiten jedes Kind zusammen mit den Eltern auf seinem Weg zu lebenst\u00fcchtigem, m\u00fcndigem Handeln.<br \/><br \/>In unserer Schule sind viele Menschen zusammen. Damit sich alle vertragen und gern dort sind, gibt es eine Hausordnung und folgende Leits\u00e4tze:<\/p>\t\t\t\t\t\t\t\t<\/div>\n\t\t\t\t<\/div>\n\t\t\t\t\t<\/div>\n\t\t<\/div>\n\t\t\t\t<div class=\"elementor-column elementor-col-50 elementor-top-column elementor-element elementor-element-3facc1b4\" data-id=\"3facc1b4\" data-element_type=\"column\" data-e-type=\"column\">\n\t\t\t<div class=\"elementor-widget-wrap elementor-element-populated\">\n\t\t\t\t\t\t<div class=\"elementor-element elementor-element-8826f89 elementor-widget elementor-widget-html\" data-id=\"8826f89\" data-element_type=\"widget\" data-e-type=\"widget\" data-widget_type=\"html.default\">\n\t\t\t\t<div class=\"elementor-widget-container\">\n\t\t\t\t\t<div style=\"text-align: center;\"><svg xmlns=\"http:\/\/www.w3.org\/2000\/svg\" x=\"0px\" y=\"0px\"\nwidth=\"256\" height=\"256\"\nviewBox=\"0 0 172 172\"\nstyle=\" fill:#000000;\"><g transform=\"\"><g fill=\"none\" fill-rule=\"nonzero\" stroke=\"none\" stroke-width=\"1\" stroke-linecap=\"butt\" stroke-linejoin=\"miter\" stroke-miterlimit=\"10\" stroke-dasharray=\"\" stroke-dashoffset=\"0\" font-family=\"none\" font-weight=\"none\" font-size=\"none\" text-anchor=\"none\" style=\"mix-blend-mode: normal\"><path d=\"M0,172v-172h172v172z\" fill=\"none\"><\/path><g fill=\"#eaaa28\"><path d=\"M5.375,1.34375c-2.28438,0 -4.03125,1.74687 -4.03125,4.03125v161.25c0,2.28438 1.74687,4.03125 4.03125,4.03125h81.56458c3.62812,0 5.3771,-4.29948 2.82397,-6.8526c-0.80625,-0.67187 -1.74897,-1.2099 -2.82397,-1.2099h-77.53333v-153.1875h7.12292c2.15,0 4.16458,-1.61355 4.29895,-3.76355c0.13437,-2.28438 -1.74687,-4.29895 -4.03125,-4.29895zM36.95313,1.34375c-2.28437,0 -4.03125,1.74687 -4.03125,4.03125v16.125c0,2.28438 1.74688,4.03125 4.03125,4.03125h63.15625c2.28437,0 4.03125,-1.74687 4.03125,-4.03125v-12.09375h23.51563v60.73645c0,2.15 1.61145,3.7625 3.62708,4.03125c2.41875,0.26875 4.43542,-1.6104 4.43542,-3.89478v-64.90417c0,-2.28438 -1.74687,-4.03125 -4.03125,-4.03125zM40.98438,9.40625h55.09375v8.0625h-55.09375zM50.39063,51.0625c-2.28438,0 -4.03125,1.74687 -4.03125,4.03125c0,2.28438 1.74687,4.03125 4.03125,4.03125h36.28125c2.28437,0 4.03125,-1.74687 4.03125,-4.03125c0,-2.28438 -1.74688,-4.03125 -4.03125,-4.03125zM126.3125,81.96875c-24.45625,0 -44.34375,19.8875 -44.34375,44.34375c0,24.45625 19.8875,44.34375 44.34375,44.34375c24.45625,0 44.34375,-19.8875 44.34375,-44.34375c0,-24.45625 -19.8875,-44.34375 -44.34375,-44.34375zM30.50208,84.65625c-2.15,0 -4.16458,1.61355 -4.29895,3.76355c-0.13438,2.28438 1.74687,4.29895 4.03125,4.29895h54.0177c1.20937,0 2.28542,-0.5375 3.09167,-1.34375c2.41875,-2.6875 0.53855,-6.71875 -2.9552,-6.71875zM30.23438,104.8125c-2.28438,0 -4.16563,1.8802 -4.03125,4.29895c0.13438,2.15 2.01458,3.76355 4.29895,3.76355h42.19427c1.74688,0 3.22605,-1.075 3.76355,-2.6875c0.94062,-2.6875 -1.07605,-5.375 -3.76355,-5.375zM146.65247,110.05365c1.02461,0 2.03242,0.40365 2.77148,1.2099c1.6125,1.6125 1.6125,4.16458 0,5.6427l-22.9776,22.9776c-0.80625,0.80625 -1.74635,1.2099 -2.82135,1.2099c-1.075,0 -2.14947,-0.40365 -2.82135,-1.2099l-11.42187,-11.42188c-1.6125,-1.6125 -1.6125,-4.16457 0,-5.6427c1.6125,-1.6125 4.16457,-1.6125 5.6427,0l8.46668,8.60052l20.2901,-20.15625c0.80625,-0.80625 1.84661,-1.2099 2.87122,-1.2099zM30.50208,124.96875c-2.15,0 -4.16458,1.61355 -4.29895,3.76355c-0.13438,2.28438 1.74687,4.29895 4.03125,4.29895h39.90833c2.28437,0 4.03125,-1.88072 4.03125,-4.1651v-0.13385c-0.26875,-2.15 -2.01562,-3.76355 -4.03125,-3.76355z\"><\/path><\/g><path d=\"\" fill=\"none\"><\/path><\/g><\/g><\/svg><\/div>\t\t\t\t<\/div>\n\t\t\t\t<\/div>\n\t\t\t\t\t<\/div>\n\t\t<\/div>\n\t\t\t\t\t<\/div>\n\t\t<\/section>\n\t\t\t\t<section class=\"elementor-section elementor-top-section elementor-element elementor-element-3dffada elementor-section-boxed elementor-section-height-default elementor-section-height-default\" data-id=\"3dffada\" data-element_type=\"section\" data-e-type=\"section\">\n\t\t\t\t\t\t<div class=\"elementor-container elementor-column-gap-default\">\n\t\t\t\t\t<div class=\"elementor-column elementor-col-100 elementor-top-column elementor-element elementor-element-1091428\" data-id=\"1091428\" data-element_type=\"column\" data-e-type=\"column\">\n\t\t\t<div class=\"elementor-widget-wrap elementor-element-populated\">\n\t\t\t\t\t\t\t<\/div>\n\t\t<\/div>\n\t\t\t\t\t<\/div>\n\t\t<\/section>\n\t\t\t\t<section class=\"elementor-section elementor-top-section elementor-element elementor-element-7cd42ef5 elementor-section-content-middle elementor-section-boxed elementor-section-height-default elementor-section-height-default\" data-id=\"7cd42ef5\" data-element_type=\"section\" data-e-type=\"section\" data-settings=\"{&quot;background_background&quot;:&quot;classic&quot;}\">\n\t\t\t\t\t\t<div class=\"elementor-container elementor-column-gap-no\">\n\t\t\t\t\t<div class=\"elementor-column elementor-col-100 elementor-top-column elementor-element elementor-element-2f26b61c\" data-id=\"2f26b61c\" data-element_type=\"column\" data-e-type=\"column\">\n\t\t\t<div class=\"elementor-widget-wrap elementor-element-populated\">\n\t\t\t\t\t\t<div class=\"elementor-element elementor-element-f270058 elementor-invisible elementor-widget elementor-widget-heading\" data-id=\"f270058\" data-element_type=\"widget\" data-e-type=\"widget\" data-settings=\"{&quot;_animation&quot;:&quot;bounceInLeft&quot;}\" data-widget_type=\"heading.default\">\n\t\t\t\t<div class=\"elementor-widget-container\">\n\t\t\t\t\t<h3 class=\"elementor-heading-title elementor-size-large\">unsere goldene regeln<\/h3>\t\t\t\t<\/div>\n\t\t\t\t<\/div>\n\t\t\t\t<section class=\"elementor-section elementor-inner-section elementor-element elementor-element-631630a9 elementor-section-boxed elementor-section-height-default elementor-section-height-default\" data-id=\"631630a9\" data-element_type=\"section\" data-e-type=\"section\">\n\t\t\t\t\t\t<div class=\"elementor-container elementor-column-gap-default\">\n\t\t\t\t\t<div class=\"elementor-column elementor-col-33 elementor-inner-column elementor-element elementor-element-1696c8ab\" data-id=\"1696c8ab\" data-element_type=\"column\" data-e-type=\"column\">\n\t\t\t<div class=\"elementor-widget-wrap elementor-element-populated\">\n\t\t\t\t\t\t<div class=\"elementor-element elementor-element-43241717 elementor-view-default elementor-position-block-start elementor-mobile-position-block-start elementor-invisible elementor-widget elementor-widget-icon-box\" data-id=\"43241717\" data-element_type=\"widget\" data-e-type=\"widget\" data-settings=\"{&quot;_animation&quot;:&quot;bounceInDown&quot;}\" data-widget_type=\"icon-box.default\">\n\t\t\t\t<div class=\"elementor-widget-container\">\n\t\t\t\t\t\t\t<div class=\"elementor-icon-box-wrapper\">\n\n\t\t\t\t\t\t<div class=\"elementor-icon-box-icon\">\n\t\t\t\t<span  class=\"elementor-icon elementor-animation-grow\">\n\t\t\t\t<i aria-hidden=\"true\" class=\"fas fa-check\"><\/i>\t\t\t\t<\/span>\n\t\t\t<\/div>\n\t\t\t\n\t\t\t\t\t\t<div class=\"elementor-icon-box-content\">\n\n\t\t\t\t\n\t\t\t\t\t\t\t\t\t<p class=\"elementor-icon-box-description\">\n\t\t\t\t\t\t\u201eIch verhalte mich so, dass sich jeder wohlf\u00fchlt\u201c\t\t\t\t\t<\/p>\n\t\t\t\t\n\t\t\t<\/div>\n\t\t\t\n\t\t<\/div>\n\t\t\t\t\t\t<\/div>\n\t\t\t\t<\/div>\n\t\t\t\t\t<\/div>\n\t\t<\/div>\n\t\t\t\t<div class=\"elementor-column elementor-col-33 elementor-inner-column elementor-element elementor-element-6d87829a\" data-id=\"6d87829a\" data-element_type=\"column\" data-e-type=\"column\">\n\t\t\t<div class=\"elementor-widget-wrap elementor-element-populated\">\n\t\t\t\t\t\t<div class=\"elementor-element elementor-element-4812cf29 elementor-view-default elementor-position-block-start elementor-mobile-position-block-start elementor-invisible elementor-widget elementor-widget-icon-box\" data-id=\"4812cf29\" data-element_type=\"widget\" data-e-type=\"widget\" data-settings=\"{&quot;_animation&quot;:&quot;bounceInDown&quot;}\" data-widget_type=\"icon-box.default\">\n\t\t\t\t<div class=\"elementor-widget-container\">\n\t\t\t\t\t\t\t<div class=\"elementor-icon-box-wrapper\">\n\n\t\t\t\t\t\t<div class=\"elementor-icon-box-icon\">\n\t\t\t\t<span  class=\"elementor-icon elementor-animation-grow\">\n\t\t\t\t<i aria-hidden=\"true\" class=\"fas fa-check\"><\/i>\t\t\t\t<\/span>\n\t\t\t<\/div>\n\t\t\t\n\t\t\t\t\t\t<div class=\"elementor-icon-box-content\">\n\n\t\t\t\t\n\t\t\t\t\t\t\t\t\t<p class=\"elementor-icon-box-description\">\n\t\t\t\t\t\t\n\u201eIch respektiere das Eigentum anderer\u201c\t\t\t\t\t<\/p>\n\t\t\t\t\n\t\t\t<\/div>\n\t\t\t\n\t\t<\/div>\n\t\t\t\t\t\t<\/div>\n\t\t\t\t<\/div>\n\t\t\t\t\t<\/div>\n\t\t<\/div>\n\t\t\t\t<div class=\"elementor-column elementor-col-33 elementor-inner-column elementor-element elementor-element-3e4d963f\" data-id=\"3e4d963f\" data-element_type=\"column\" data-e-type=\"column\">\n\t\t\t<div class=\"elementor-widget-wrap elementor-element-populated\">\n\t\t\t\t\t\t<div class=\"elementor-element elementor-element-686706a9 elementor-view-default elementor-position-block-start elementor-mobile-position-block-start elementor-invisible elementor-widget elementor-widget-icon-box\" data-id=\"686706a9\" data-element_type=\"widget\" data-e-type=\"widget\" data-settings=\"{&quot;_animation&quot;:&quot;bounceInDown&quot;}\" data-widget_type=\"icon-box.default\">\n\t\t\t\t<div class=\"elementor-widget-container\">\n\t\t\t\t\t\t\t<div class=\"elementor-icon-box-wrapper\">\n\n\t\t\t\t\t\t<div class=\"elementor-icon-box-icon\">\n\t\t\t\t<span  class=\"elementor-icon elementor-animation-grow\">\n\t\t\t\t<i aria-hidden=\"true\" class=\"fas fa-check\"><\/i>\t\t\t\t<\/span>\n\t\t\t<\/div>\n\t\t\t\n\t\t\t\t\t\t<div class=\"elementor-icon-box-content\">\n\n\t\t\t\t\n\t\t\t\t\t\t\t\t\t<p class=\"elementor-icon-box-description\">\n\t\t\t\t\t\t\u201eIch halte mich an die Stopp-Regel\u201c\t\t\t\t\t<\/p>\n\t\t\t\t\n\t\t\t<\/div>\n\t\t\t\n\t\t<\/div>\n\t\t\t\t\t\t<\/div>\n\t\t\t\t<\/div>\n\t\t\t\t\t<\/div>\n\t\t<\/div>\n\t\t\t\t\t<\/div>\n\t\t<\/section>\n\t\t\t\t\t<\/div>\n\t\t<\/div>\n\t\t\t\t\t<\/div>\n\t\t<\/section>\n\t\t\t\t<\/div>\n\t\t","protected":false},"excerpt":{"rendered":"<p>schulregeln Wir unterst\u00fctzen und begleiten jedes Kind zusammen mit den Eltern auf seinem Weg zu lebenst\u00fcchtigem, m\u00fcndigem Handeln. In unserer Schule sind viele Menschen zusammen. Damit sich alle vertragen und gern dort sind, gibt es eine Hausordnung und folgende Leits\u00e4tze: unsere goldene regeln \u201eIch verhalte mich so, dass sich jeder wohlf\u00fchlt\u201c \u201eIch respektiere das Eigentum anderer\u201c \u201eIch halte mich an die Stopp-Regel\u201c<\/p>\n","protected":false},"author":9,"featured_media":0,"parent":0,"menu_order":0,"comment_status":"closed","ping_status":"closed","template":"","meta":{"footnotes":""},"class_list":["post-167","page","type-page","status-publish","hentry"],"_links":{"self":[{"href":"https:\/\/www.pestalozzischule-krefeld.de\/index.php\/wp-json\/wp\/v2\/pages\/167","targetHints":{"allow":["GET"]}}],"collection":[{"href":"https:\/\/www.pestalozzischule-krefeld.de\/index.php\/wp-json\/wp\/v2\/pages"}],"about":[{"href":"https:\/\/www.pestalozzischule-krefeld.de\/index.php\/wp-json\/wp\/v2\/types\/page"}],"author":[{"embeddable":true,"href":"https:\/\/www.pestalozzischule-krefeld.de\/index.php\/wp-json\/wp\/v2\/users\/9"}],"replies":[{"embeddable":true,"href":"https:\/\/www.pestalozzischule-krefeld.de\/index.php\/wp-json\/wp\/v2\/comments?post=167"}],"version-history":[{"count":1,"href":"https:\/\/www.pestalozzischule-krefeld.de\/index.php\/wp-json\/wp\/v2\/pages\/167\/revisions"}],"predecessor-version":[{"id":185,"href":"https:\/\/www.pestalozzischule-krefeld.de\/index.php\/wp-json\/wp\/v2\/pages\/167\/revisions\/185"}],"wp:attachment":[{"href":"https:\/\/www.pestalozzischule-krefeld.de\/index.php\/wp-json\/wp\/v2\/media?parent=167"}],"curies":[{"name":"wp","href":"https:\/\/api.w.org\/{rel}","templated":true}]}}