{"id":4538,"date":"2022-10-21T10:21:07","date_gmt":"2022-10-21T08:21:07","guid":{"rendered":"https:\/\/www.pestalozzischule-krefeld.de\/?page_id=4538"},"modified":"2025-07-01T10:25:15","modified_gmt":"2025-07-01T08:25:15","slug":"sozialarbeit","status":"publish","type":"page","link":"https:\/\/www.pestalozzischule-krefeld.de\/index.php\/sozialarbeit\/","title":{"rendered":"Sozialarbeit"},"content":{"rendered":"\t\t<div data-elementor-type=\"wp-page\" data-elementor-id=\"4538\" class=\"elementor elementor-4538\">\n\t\t\t\t\t\t<section class=\"elementor-section elementor-top-section elementor-element elementor-element-8d73732 elementor-section-boxed elementor-section-height-default elementor-section-height-default\" data-id=\"8d73732\" data-element_type=\"section\" data-e-type=\"section\">\n\t\t\t\t\t\t<div class=\"elementor-container elementor-column-gap-default\">\n\t\t\t\t\t<div class=\"elementor-column elementor-col-100 elementor-top-column elementor-element elementor-element-0b9c1b2\" data-id=\"0b9c1b2\" data-element_type=\"column\" data-e-type=\"column\">\n\t\t\t<div class=\"elementor-widget-wrap elementor-element-populated\">\n\t\t\t\t\t\t<div class=\"elementor-element elementor-element-6c83683 elementor-widget elementor-widget-spacer\" data-id=\"6c83683\" data-element_type=\"widget\" data-e-type=\"widget\" data-widget_type=\"spacer.default\">\n\t\t\t\t<div class=\"elementor-widget-container\">\n\t\t\t\t\t\t\t<div class=\"elementor-spacer\">\n\t\t\t<div class=\"elementor-spacer-inner\"><\/div>\n\t\t<\/div>\n\t\t\t\t\t\t<\/div>\n\t\t\t\t<\/div>\n\t\t\t\t<div class=\"elementor-element elementor-element-1281785 elementor-widget elementor-widget-heading\" data-id=\"1281785\" data-element_type=\"widget\" data-e-type=\"widget\" data-widget_type=\"heading.default\">\n\t\t\t\t<div class=\"elementor-widget-container\">\n\t\t\t\t\t<h2 class=\"elementor-heading-title elementor-size-default\">Teamzuwachs an der Pestalozzischule!<\/h2>\t\t\t\t<\/div>\n\t\t\t\t<\/div>\n\t\t\t\t<div class=\"elementor-element elementor-element-2cd699b elementor-widget elementor-widget-heading\" data-id=\"2cd699b\" data-element_type=\"widget\" data-e-type=\"widget\" data-widget_type=\"heading.default\">\n\t\t\t\t<div class=\"elementor-widget-container\">\n\t\t\t\t\t<h3 class=\"elementor-heading-title elementor-size-medium\">Unsere Sozialarbeiterin stellt sich vor:<\/h3>\t\t\t\t<\/div>\n\t\t\t\t<\/div>\n\t\t\t\t\t<\/div>\n\t\t<\/div>\n\t\t\t\t\t<\/div>\n\t\t<\/section>\n\t\t\t\t<section class=\"elementor-section elementor-top-section elementor-element elementor-element-4ccdf6d elementor-section-boxed elementor-section-height-default elementor-section-height-default\" data-id=\"4ccdf6d\" data-element_type=\"section\" data-e-type=\"section\">\n\t\t\t\t\t\t<div class=\"elementor-container elementor-column-gap-default\">\n\t\t\t\t\t<div class=\"elementor-column elementor-col-100 elementor-top-column elementor-element elementor-element-2ce550e\" data-id=\"2ce550e\" data-element_type=\"column\" data-e-type=\"column\">\n\t\t\t<div class=\"elementor-widget-wrap elementor-element-populated\">\n\t\t\t\t\t\t\t<\/div>\n\t\t<\/div>\n\t\t\t\t\t<\/div>\n\t\t<\/section>\n\t\t\t\t<section class=\"elementor-section elementor-top-section elementor-element elementor-element-4f029b5 elementor-section-boxed elementor-section-height-default elementor-section-height-default\" data-id=\"4f029b5\" data-element_type=\"section\" data-e-type=\"section\">\n\t\t\t\t\t\t<div class=\"elementor-container elementor-column-gap-default\">\n\t\t\t\t\t<div class=\"elementor-column elementor-col-100 elementor-top-column elementor-element elementor-element-f51c261\" data-id=\"f51c261\" data-element_type=\"column\" data-e-type=\"column\">\n\t\t\t<div class=\"elementor-widget-wrap elementor-element-populated\">\n\t\t\t\t\t\t<div class=\"elementor-element elementor-element-744b010 elementor-widget elementor-widget-text-editor\" data-id=\"744b010\" data-element_type=\"widget\" data-e-type=\"widget\" data-widget_type=\"text-editor.default\">\n\t\t\t\t<div class=\"elementor-widget-container\">\n\t\t\t\t\t\t\t\t\t<p>Sehr geehrte Eltern,<\/p><p>mein Name ist Christin Serwas. Ich bin staatlich anerkannte Erzieherin, Solzialarbeiterin und im Rahmen der schulbezogenen Jugendsozialarbeit \u00fcber den Jugendhilfetr\u00e4ger IN VIA Krefeld e.V. als Schulsozialarbeiterin t\u00e4tig. Seit dem 01.05.2025 bin ich hier an der Pestalozzigrundschule besch\u00e4ftigt.<\/p><p>Schwerpunkte meiner Arbeit liegen in folgenden Bereichen:<\/p><ul><li>F\u00f6rderung der sozialen und emotionalen Kompetenzen der Kinder<\/li><li>Einzelfallhilfe<\/li><li>Begleitung der Kinder im Unterricht<\/li><li>Pr\u00e4ventionsarbeit<\/li><li>Netzwerkarbeit<\/li><li>Elternarbeit<\/li><\/ul><p>Das Ziel meiner Arbeit ist es, die Kinder in ihrer individuellen und sozialen Entwicklung der Pers\u00f6nlichkeit zu unterst\u00fctzen, eine positive Lern- und Lebensbedingung zu schaffen, in dem Problemlagen fr\u00fchzeitig erkannt und pr\u00e4ventiv behandelt werden.<\/p><p>Alle Gespr\u00e4che unterliegen der Schweigepflicht, welche nur unter bestimmten Bedingungen gebrochen werden darf.<\/p><p>Gerne k\u00f6nnen Sie mich bei Fragen kontaktieren.<\/p><p>Ich freue mich auf eine gute Zusammenarbeit.<\/p><p>Beratungszeiten: Montag &#8211; Freitag 7:45 \u2013 15:30Uhr oder nach Absprach<\/p>\t\t\t\t\t\t\t\t<\/div>\n\t\t\t\t<\/div>\n\t\t\t\t\t<\/div>\n\t\t<\/div>\n\t\t\t\t\t<\/div>\n\t\t<\/section>\n\t\t\t\t<section class=\"elementor-section elementor-top-section elementor-element elementor-element-8af3242 elementor-section-boxed elementor-section-height-default elementor-section-height-default\" data-id=\"8af3242\" data-element_type=\"section\" data-e-type=\"section\">\n\t\t\t\t\t\t<div class=\"elementor-container elementor-column-gap-default\">\n\t\t\t\t\t<div class=\"elementor-column elementor-col-100 elementor-top-column elementor-element elementor-element-04cde19\" data-id=\"04cde19\" data-element_type=\"column\" data-e-type=\"column\">\n\t\t\t<div class=\"elementor-widget-wrap elementor-element-populated\">\n\t\t\t\t\t\t<div class=\"elementor-element elementor-element-8731dc1 elementor-widget elementor-widget-image\" data-id=\"8731dc1\" data-element_type=\"widget\" data-e-type=\"widget\" data-widget_type=\"image.default\">\n\t\t\t\t<div class=\"elementor-widget-container\">\n\t\t\t\t\t\t\t\t\t\t\t\t\t\t\t<img fetchpriority=\"high\" decoding=\"async\" width=\"768\" height=\"431\" src=\"https:\/\/www.pestalozzischule-krefeld.de\/wp-content\/uploads\/2025\/01\/Sozialarbeiterin-Vorstellung-768x431.png\" class=\"attachment-medium_large size-medium_large wp-image-7465\" alt=\"\" srcset=\"https:\/\/www.pestalozzischule-krefeld.de\/wp-content\/uploads\/2025\/01\/Sozialarbeiterin-Vorstellung-768x431.png 768w, https:\/\/www.pestalozzischule-krefeld.de\/wp-content\/uploads\/2025\/01\/Sozialarbeiterin-Vorstellung-300x168.png 300w, https:\/\/www.pestalozzischule-krefeld.de\/wp-content\/uploads\/2025\/01\/Sozialarbeiterin-Vorstellung-1024x575.png 1024w, https:\/\/www.pestalozzischule-krefeld.de\/wp-content\/uploads\/2025\/01\/Sozialarbeiterin-Vorstellung-1140x640.png 1140w, https:\/\/www.pestalozzischule-krefeld.de\/wp-content\/uploads\/2025\/01\/Sozialarbeiterin-Vorstellung.png 1155w\" sizes=\"(max-width: 768px) 100vw, 768px\" \/>\t\t\t\t\t\t\t\t\t\t\t\t\t\t\t<\/div>\n\t\t\t\t<\/div>\n\t\t\t\t\t<\/div>\n\t\t<\/div>\n\t\t\t\t\t<\/div>\n\t\t<\/section>\n\t\t\t\t<\/div>\n\t\t","protected":false},"excerpt":{"rendered":"<p>Teamzuwachs an der Pestalozzischule! Unsere Sozialarbeiterin stellt sich vor: Sehr geehrte Eltern, mein Name ist Christin Serwas. Ich bin staatlich anerkannte Erzieherin, Solzialarbeiterin und im Rahmen der schulbezogenen Jugendsozialarbeit \u00fcber den Jugendhilfetr\u00e4ger IN VIA Krefeld e.V. als Schulsozialarbeiterin t\u00e4tig. Seit dem 01.05.2025 bin ich hier an der Pestalozzigrundschule besch\u00e4ftigt. Schwerpunkte meiner Arbeit liegen in folgenden Bereichen: F\u00f6rderung der sozialen und emotionalen Kompetenzen der Kinder Einzelfallhilfe Begleitung der Kinder im Unterricht Pr\u00e4ventionsarbeit Netzwerkarbeit Elternarbeit Das Ziel meiner Arbeit ist es, die Kinder in ihrer individuellen und sozialen Entwicklung der Pers\u00f6nlichkeit zu unterst\u00fctzen, eine positive Lern- und Lebensbedingung zu schaffen, in dem Problemlagen fr\u00fchzeitig erkannt und pr\u00e4ventiv behandelt werden. Alle Gespr\u00e4che unterliegen der Schweigepflicht, welche nur unter bestimmten Bedingungen gebrochen werden darf. Gerne k\u00f6nnen Sie mich bei Fragen kontaktieren. Ich freue mich auf eine gute Zusammenarbeit. Beratungszeiten: Montag &#8211; Freitag 7:45 \u2013 15:30Uhr oder nach Absprach<\/p>\n","protected":false},"author":9,"featured_media":0,"parent":0,"menu_order":0,"comment_status":"closed","ping_status":"closed","template":"","meta":{"footnotes":""},"class_list":["post-4538","page","type-page","status-publish","hentry"],"_links":{"self":[{"href":"https:\/\/www.pestalozzischule-krefeld.de\/index.php\/wp-json\/wp\/v2\/pages\/4538","targetHints":{"allow":["GET"]}}],"collection":[{"href":"https:\/\/www.pestalozzischule-krefeld.de\/index.php\/wp-json\/wp\/v2\/pages"}],"about":[{"href":"https:\/\/www.pestalozzischule-krefeld.de\/index.php\/wp-json\/wp\/v2\/types\/page"}],"author":[{"embeddable":true,"href":"https:\/\/www.pestalozzischule-krefeld.de\/index.php\/wp-json\/wp\/v2\/users\/9"}],"replies":[{"embeddable":true,"href":"https:\/\/www.pestalozzischule-krefeld.de\/index.php\/wp-json\/wp\/v2\/comments?post=4538"}],"version-history":[{"count":40,"href":"https:\/\/www.pestalozzischule-krefeld.de\/index.php\/wp-json\/wp\/v2\/pages\/4538\/revisions"}],"predecessor-version":[{"id":7740,"href":"https:\/\/www.pestalozzischule-krefeld.de\/index.php\/wp-json\/wp\/v2\/pages\/4538\/revisions\/7740"}],"wp:attachment":[{"href":"https:\/\/www.pestalozzischule-krefeld.de\/index.php\/wp-json\/wp\/v2\/media?parent=4538"}],"curies":[{"name":"wp","href":"https:\/\/api.w.org\/{rel}","templated":true}]}}